, 227
Suppose 2*d + 2 = 12. Suppose -2*z + f + 3 = -0, f = -d*z + 18. Suppose -5*u = -2*a + 110, -z*a + 2*u - 268 = -7*a. What are the prime factors of a?
5, 13
Let n = 6010 - -976. List the prime factors of n.
2, 7, 499
Let g = -38 + 35. Let q be 38/g*(1 + -4). Suppose 21 = h + 5*s, 4*h - s = 25 + q. List the prime factors of h.
2
Let v(u) = u**2 - 12*u + 23. Let p be v(2). Suppose 0 = -4*r + p*q + 1163, 0 = q - 1 + 2. List the prime factors of r.
2, 5, 29
Suppose 4*d - 3 = -s + 255, 4*s = -4*d + 264. Suppose d = i - 218. What are the prime factors of i?
2, 3, 47
Suppose -715*x - 133920 = -724*x. What are the prime factors of x?
2, 3, 5, 31
Suppose -5*i = -20, 4*w - 6230 - 32914 = i. List the prime factors of w.
9787
Suppose 4*u + h - 9139 = 33454, -3*u = 2*h - 31936. What are the prime factors of u?
2, 3, 5, 71
Let y = -16112 - -25652. What are the prime factors of y?
2, 3, 5, 53
Suppose -4*y - 2*y = -444. Let g = y - 66. Suppose 2*t + 2*t = -g, h = -2*t + 199. List the prime factors of h.
7, 29
Suppose 28 = -3*l + 34. Suppose 2*r - 74 = -4*n, -l*r - r + 3*n = -147. Suppose 47*s = r*s + 4. List the prime factors of s.
2
Suppose -4*l + n + 645 = 0, -25 = 3*n + 2*n. Suppose b + l = -b. List the prime factors of (1 + b/(-12))*3.
23
Suppose 204 = 2*w + w + 5*f, -5*f = 5*w - 340. Let v(x) = -x**3 + 7*x**2 + 102*x + 16. Let z be v(14). Let h = z - w. List the prime factors of h.
2
List the prime factors of (-8833587)/(-252) + 6/72.
2, 17, 1031
Let p = 51125 - 35189. What are the prime factors of p?
2, 3, 83
Let l = 100 + -32. Let s = l + 261. What are the prime factors of s?
7, 47
Let o = 2188 + 4399. What are the prime factors of o?
7, 941
Let g = 22145 - 11696. List the prime factors of g.
3, 43
Suppose 72 = -2*d - 18. Let j = d - -59. Suppose 5*x - j*x + 360 = 0. What are the prime factors of x?
2, 5
Let p(m) = m**3 - m**2 - m + 3. Let g(r) = 212*r**3 - 13*r**2 - 15*r + 20. Let b(y) = -g(y) + 5*p(y). List the prime factors of b(-2).
1663
What are the prime factors of 1 + 6820 + (10 - -3)?
2, 3, 17, 67
Let a(x) = 474*x - 2852. List the prime factors of a(24).
2, 2131
Let j(p) = -120*p + 739. List the prime factors of j(-6).
1459
Let g(i) = -i**2 + 17*i + 3. Let l be g(17). List the prime factors of (-4152)/(-72)*(-1)/((-1)/l).
173
Let w = 8526 + -1061. What are the prime factors of w?
5, 1493
Let s = 24 - 17. Let c = 11 - s. Suppose -c*g + 32 = 8. What are the prime factors of g?
2, 3
Suppose 5*x + 2*r - 67582 = 0, 13730 + 13294 = 2*x + 3*r. List the prime factors of x.
2, 3, 751
What are the prime factors of (-7050624)/(-490) + (-2)/70?
14389
Suppose -23*z + 17028 = -246253. What are the prime factors of z?
11447
Suppose -l + 30702 = -5*f, 4*l + f = 5624 + 117205. What are the prime factors of l?
30707
Let j(z) = -z**2 + 28*z + 7. Let b = 11 - -32. Suppose 2*t = 4*l - 3*l + 23, -l + b = 4*t. List the prime factors of j(t).
2, 97
Let k(v) = 293*v**2 - 26 - 3*v - 5*v - 8*v + 24*v. List the prime factors of k(2).
2, 7, 83
Suppose 2*x = 2*i - 6, -3*i = -x + 2 - 7. Let c be 9 + (2/4)/(i/(-2)). Let d(h) = 7*h + 42. List the prime factors of d(c).
2, 7
Let s(h) = 37*h + 55*h - 77*h - 7 + 13*h**2. What are the prime factors of s(-7)?
3, 5, 7
Let b be 33/15 - (-2)/(-10). Suppose 0 = b*m - 3 - 7. Suppose -4*t = 3*f - 249, 102 = -f + 2*f - m*t. What are the prime factors of f?
3, 29
Suppose u - 3825 = -n - 0*u, 5*n + u - 19137 = 0. Let j be 2/(-5) + n/20. Suppose -5*i = -94 - j. What are the prime factors of i?
3, 19
Let l(b) = 102*b**2 - 61*b - 41. What are the prime factors of l(-10)?
11, 89
What are the prime factors of (6 + -2 + 18)/(21/2478)?
2, 11, 59
Let f = 18816 + -8515. List the prime factors of f.
10301
Let c be ((15/6 - 1) + -3)*-2018. Suppose -6*n + 891 = -c. List the prime factors of n.
653
Let c = 21 + -13. Suppose -7087 = -27*k + c*k. List the prime factors of k.
373
Let u(i) be the first derivative of 5*i + 18 + 1/3*i**3 + i**2. What are the prime factors of u(-7)?
2, 5
Suppose 8*i - 464243 = -3*k - 14353, 2*k = -4*i + 224944. What are the prime factors of i?
56237
Let w(q) = -2*q**3 - 196*q**2 - 52*q + 764. List the prime factors of w(-98).
2, 5, 293
Suppose 5*d = 3*t + 284, 3*t + 47 + 121 = 3*d. Let q = d + -53. Suppose 708 = 5*m + b - 2*b, q*m + 5*b - 690 = 0. What are the prime factors of m?
3, 47
Let z(j) = -355*j + 2606. List the prime factors of z(-26).
2, 11, 269
Suppose 288 + 6253 = g - 5*d, g - 6529 = 3*d. List the prime factors of g.
17, 383
What are the prime factors of (-3)/1 - (-268569 + 9)/16?
2, 3, 2797
Let g = -3677 + 5637. Suppose -20*b - g = -2*j - 18*b, -b = 0. What are the prime factors of j?
2, 5, 7
Suppose -4*n + n = -36117. List the prime factors of 1*n/33 - 28/(-154).
5, 73
Suppose -b + 11082 = -2*w, 220*b - 222*b + 22134 = 2*w. List the prime factors of b.
2, 173
Let o be -2 - 1 - 4 - -116. Suppose 588 = 111*r - o*r. List the prime factors of r.
2, 3, 7
Suppose 0 = -13*o - 13 + 13. Suppose -5*q - 2*y + 733 = 0, 3*q + o*q = 4*y + 419. List the prime factors of q.
5, 29
Let n be ((-20)/3 - -2)/(2/(-3)). Let x = -1 + n. List the prime factors of 154*((-2)/x - (-66)/36).
3, 7, 11
Let t = -955 + 5352. Let k = -2712 + t. List the prime factors of k.
5, 337
Let c(f) = 57*f**3 - 17*f**2 + 103*f - 5. What are the prime factors of c(8)?
5, 5783
Suppose -8086 = -s + 4*t, 2*t = -4*s + 2230 + 30024. What are the prime factors of s?
2, 37, 109
Let p be (-16)/48 + (-1803)/(-9). List the prime factors of p/6*(12/(-8) + 3).
2, 5
Let c = -53778 - -86873. List the prime factors of c.
5, 6619
Suppose 3*y = 5*u - 123556, 5*y = -4*u + 33360 + 65433. What are the prime factors of u?
31, 797
Suppose -13*h + 59013 - 1631 = 0. What are the prime factors of h?
2, 2207
Let i be (-2)/11 - ((-63)/(-77) + 2). List the prime factors of i*(2 + -1 + (-696)/9).
229
Suppose 13*d - 62257 = 5*m + 28033, 3*m - 34722 = -5*d. What are the prime factors of d?
3, 5, 463
Let u = -24064 - -56739. List the prime factors of u.
5, 1307
Let r = -1 + 2. Let y(f) = -58 + 3*f**3 - 4*f**2 + 22 + 3*f + 10*f**3 + 3*f**2 + 34. List the prime factors of y(r).
13
Let p = 62988 - 4138. What are the prime factors of p?
2, 5, 11, 107
Let a(m) = 163*m**2 - 239*m - 9. List the prime factors of a(-6).
3, 11, 13, 17
Suppose 113 = 3*a + 44. Suppose 15*n - a = 7. Suppose 82 + 60 = n*t. What are the prime factors of t?
71
Let l(s) be the first derivative of -s**2/2 + 26. Let x be l(-5). Suppose -9*z + 600 = -x*z. What are the prime factors of z?
2, 3, 5
Suppose 7*w = 12*w + 4*u - 28169, -4*w + 22536 = 4*u. List the prime factors of w.
43, 131
Let x be ((-1)/(-1))/(3/(-57)). Suppose 0 = 2*g + 5*z - 7*z - 32, 3*g = 5*z + 52. Let d = g - x. List the prime factors of d.
3, 11
Let k(h) be the first derivative of 11*h**4/24 - 7*h**3/3 + 10*h**2 + 11. Let o(r) be the second derivative of k(r). List the prime factors of o(5).
41
Let s = 744 + 532. Suppose -1268*t + s*t = 7352. What are the prime factors of t?
919
Let p(r) = -13625*r + 2098. What are the prime factors of p(-2)?
2, 11, 23, 29
Let o = -207 + 106. Let x = o - -55. Let c = x - -217. List the prime factors of c.
3, 19
Suppose -4*x + 174 = -3*x. Let l(d) = -4*d**2 - 39*d + 22. Let h be l(-9). Let a = h + x. List the prime factors of a.
223
Let j = 1224 + 961. List the prime factors of j.
5, 19, 23
Suppose -5886 = 4*a + 3*v, 3*v = 5*a - 3*a + 2952. Let i = -835 - a. What are the prime factors of i?
2, 11, 29
Let h be (-684)/399 + (-9099)/21. Let b = 323 + -567. Let f = b - h. List the prime factors of f.
191
Let n(c) = 3*c**2 + 82*c + 906. What are the prime factors of n(58)?
2, 7877
What are the prime factors of (-6)/(-30) - (260448/10)/(-6)?
3, 1447
List the prime factors of (3*-1)/(-3 - (-9336)/3114) - 0.
3, 173
Suppose 2*c + 46 = 5*b + 3, -5*b + 49 = 4*c. Suppose 726 = -b*i + 12*i. Suppose -89*o - i = -91*o. List the prime factors of o.
11
Let u = 24668 + 5837. What are the prime factors of u?
5, 6101
Let v = -307 - -42. Let k = 308 + v. List the prime factors of k.
43
Suppose -7376*b - 2179885 = -7414*b - 161515. List the prime factors of b.
3, 5, 3541
Suppose 0 = u - 24*u - 47*u + 2284310. What are the prime factors of u?
32633
Let a(r) = r**2 + 15*r - 28. Let m be a(-17). Suppose 4064 = m*w + 10*w. What are the prime